t is the units digit of (-117)/(-2) + u/36?
8
Let z(s) = 3*s**2 + 37. Let h be 5/1*(-16)/(-40). Suppose -f = h*f + f. What is the tens digit of z(f)?
3
Suppose f + 8159 = 2*k, 2*f = -k + 1148 + 2909. What is the units digit of k?
5
Suppose 3*o + 2*f - 273732 = -o, -205286 = -3*o + 5*f. Let n = -106600 + o. What is the hundreds digit of (-2)/18 + n/(-234)?
1
Let s(b) = -b**3 + b**2 - 26. Let d be s(0). Let l = -22 - d. Suppose 4*t - r = 20, 3*r + 25 = 5*t + l*r. What is the units digit of t?
5
Suppose 6*b = p + b - 47885, -8*p + b = -383353. What is the tens digit of p?
2
Let a(m) = 3*m**3 - 16*m**2 - 76*m + 652. What is the hundreds digit of a(19)?
0
What is the thousands digit of 7 + (-161)/49 + (-8)/(-28) + 11517?
1
Let q = -624 - -346. Let m = 32 - q. What is the tens digit of m?
1
Let q(y) = -y + 1. Let j be q(1). Let v(a) = a**3 - a**2 - a + 127. Let d be v(j). Let i = d - 83. What is the tens digit of i?
4
Suppose -2*n = -7*n - 150. Let i be 46/10 + 18/n. Suppose 2*r - k = 69, -4*r + i*k = -8*r + 132. What is the units digit of r?
4
Suppose 0 = z - 3*j - 59, -4*z + 0*z + 300 = 4*j. Suppose -5*w + z = -129. Suppose -i + w = -4. What is the units digit of i?
4
Suppose -l = -3*m - 11866, 5*l - 9430 = m + 49914. What is the units digit of l?
9
Let z(o) = -o**3 - 14*o**2 + 4*o + 59. Let h be z(-14). Suppose 3*c - 1204 = c. Suppose -4*k = h*k - c. What is the units digit of k?
6
Let o = 46 - 40. Suppose o*b - 4 = 14. Suppose -b*q = -h - 207, 2*q - 148 = 6*h - 2*h. What is the tens digit of q?
6
Let x be 4 + 2/((-8)/(-4)). Suppose -x*s + 35 + 45 = 0. What is the hundreds digit of -3 + 2/((s/(-452))/(-2))?
1
Let n(y) = -y**2 - 4*y - 3. Let d be n(-1). Suppose d = -4*p - 8, 4*u + 1840 = -2*p + 6516. What is the units digit of u?
0
Suppose -1562 = -3*o + 2*p + 9231, -2*p = -4*o + 14390. What is the tens digit of o?
9
Let z(f) = f - 22. Let x be z(19). Let i be (2 - 5)/(x/2). What is the tens digit of (-42 + -8)/((-1)/i)?
0
Suppose -43*d - 27500 = -76692. What is the tens digit of d?
4
Suppose 2 = 2*y - 2*t, 0*y + 4*y - 5*t = 0. Suppose -y*n + 15 = -5*h, -n + 5*n - 13 = 3*h. What is the units digit of (2 - 14/n)/((-2)/24)?
8
What is the hundreds digit of ((-9)/(-1) - (-145 - -162)) + (18674 - 1)?
6
Suppose 3*v - 188972 = -4*x, -31*x = -36*x - 2*v + 236201. What is the units digit of x?
7
Let s(u) = -89*u**3 - 1. Let a be s(1). Let l be (-258)/a + (-2)/(-15). What is the units digit of (-10 + l)*(0 - 16)?
2
Let b(c) = 799*c - 596. What is the hundreds digit of b(5)?
3
Let t be (-42)/63 + 71/3. Let n = 35 - t. Let o = 90 + n. What is the units digit of o?
2
Suppose 0 = -2*t - 3*q + 21561, 5*q + 32 - 37 = 0. What is the ten thousands digit of t?
1
Let w(z) = -248*z - 36. Let i(s) = -744*s - 103. Let h(n) = 6*i(n) - 17*w(n). What is the units digit of h(-6)?
2
Let w be 3/(-1 - -13) + 749/28. Let f be (-1233)/(-12) + (w/12)/9. Suppose 2*m - f = -27. What is the units digit of m?
8
Let g = 3976 + -2031. Let n = g + -1368. What is the hundreds digit of n?
5
Suppose 97*b + 99*b = 5091492. What is the ten thousands digit of b?
2
Suppose -4*v + 46 = 5*y, -7*v - 2*y = -2*v - 49. Suppose -l = -v*l + 16. Suppose x + 3*s - 131 = 0, l*s + 407 = 3*x - 3*s. What is the tens digit of x?
3
Suppose -11*y = 67 - 507. Suppose 0 = 6*h - y*h + 48620. What is the units digit of h?
0
Let o be (-40)/7*(-420)/120. Suppose 0*n - n - 2882 = -3*x, -4*n - o = 0. What is the units digit of x?
9
Let g(k) = 2*k**2 + 3*k - 45. Let a(l) = l**2 - 21*l - 60. Let u be a(23). What is the tens digit of g(u)?
0
Let q(u) = 2*u**3 + u**2 + 14*u + 68. What is the ten thousands digit of q(21)?
1
Suppose 2*f - 20406 = -4*u - 4194, -5*f = 8*u - 40526. What is the units digit of f?
2
Suppose -23*t - 2863 + 33200 = 0. What is the thousands digit of t?
1
Suppose 0 = 5*k - 2*i - 43, i = 4*k - 24 - 8. Suppose 3*y = -k*y + 4470. What is the units digit of y?
7
Let g(l) = 140*l**2 - 33*l - 91. What is the hundreds digit of g(-3)?
2
Suppose 5*p = 3*l - 811, 3*l - 2*l + 5*p - 237 = 0. Suppose l = 3*k - 383. What is the hundreds digit of k?
2
Let l(f) = -f**2 - 10*f - 27. Let r(o) = -5*o**2 - 2*o - 2. Let j be r(-1). Let v be l(j). What is the tens digit of (-4 - -32) + v + -2?
2
Let w = 26885 - 15795. What is the thousands digit of w?
1
Let t = 109825 + -45732. What is the ten thousands digit of t?
6
Let l = -40351 + 89711. What is the units digit of l?
0
What is the thousands digit of (-3)/(9/(-2)) - (12433/(-3) - -1)?
4
Let a(u) = 3 - 2*u**2 - 2*u**2 - 382*u**3 + 8*u + 383*u**3. Let o = 13 + -8. What is the tens digit of a(o)?
6
Let l(g) = 97*g**3 - 8*g**2 + 6*g - 10. Let b be l(3). Let s = b + -1632. What is the units digit of s?
3
Suppose -2*c = 7 - 5, l + 3*c = 7. Suppose 747 = l*j - 8173. What is the units digit of j?
2
Suppose 2*c = -2*v + 8322, -19*v - 2*c = -24*v + 20798. What is the hundreds digit of v?
1
Suppose 0 = -3*f - 7*c + 3*c + 1865, 4*c = 5*f - 3119. Suppose 0 = -5*y + f + 897. Let u = y - 178. What is the hundreds digit of u?
1
What is the units digit of 41948 - ((-1)/8 - (-10 + 1633/184))?
7
Let s(c) = 0*c + 7*c**2 + 0*c - 8*c**2 + c. Let h(t) = 5*t**2 + 4*t - 31. Let a(q) = -h(q) - 4*s(q). What is the tens digit of a(-9)?
2
Let g(k) = -2*k**2 - 13*k + 22. Let x be g(8). Let o = 212 + x. What is the units digit of o?
2
Let u = 109971 - 41912. What is the ten thousands digit of u?
6
Let w = -158 + 183. Let s(u) = 4*u + 30. What is the hundreds digit of s(w)?
1
Suppose -2*o = 4*p - 25266 - 3590, 3*o - 43354 = 4*p. What is the tens digit of o?
4
Suppose 0 = -3*f + 270 + 174. Suppose f = 4*k - 5*b - 88, 0 = -4*b. Let l = -13 + k. What is the units digit of l?
6
Suppose 4 = 2*o - 4, -o = 4*r - 10988. Suppose -5*g - t + 3633 = -g, 5*t = -3*g + r. What is the hundreds digit of g?
9
Let f = 3021 + 3385. What is the thousands digit of f?
6
Suppose 0 = 52*r + 5*r - 2736. What is the hundreds digit of -8 + r/8 + 736?
7
Let m be (8 + (-426)/54)*9. What is the units digit of ((240/2)/(-5))/m*-12?
8
Suppose 3*j + 5*g - 123416 = 0, 362*j + 41155 = 363*j + 4*g. What is the thousands digit of j?
1
Suppose -484*r + 512*r = 149632. What is the tens digit of r?
4
Let y be (1/(-2))/(12/24). Let c = y + 1. Suppose 5*d + 4*x - 711 = c, 0 = 2*x - 6 - 2. What is the hundreds digit of d?
1
Suppose 14*z - 3*z = 352. Suppose -z*h = -28*h - 3364. What is the tens digit of h?
4
What is the tens digit of 33303/(2/(-2))*(1 + (-144)/108)?
0
Let f(s) = -s**3 - 4*s**2 - s + 1218. Let y be f(0). Let w = y - 355. What is the units digit of w?
3
What is the thousands digit of -6 + 1 - (-15086 - (-693)/21)?
5
What is the units digit of (78/5 + -16)*-30960?
4
Let s be (-28 - -21)*5/(-7). Suppose 0 = 4*f - 3*g - 2925, -3*g = s*f - 771 - 2892. What is the tens digit of f?
3
Let n(o) = 24*o**2 - 5*o - 5. Let d be n(4). Let t = 503 - d. Suppose -3*c - 33 = 3*r - t, -5*r + c = -161. What is the units digit of r?
3
Suppose 162*q - 151680 = 146*q. What is the tens digit of q?
8
Let x(w) = 14*w**3 + w**2 + 2*w - 3. Let i be x(1). Suppose 5*k + o - 16 = 0, -4*k + i + 2 = 4*o. Let c(h) = 9*h**3 - 6*h + 6. What is the tens digit of c(k)?
3
Let z(n) = 484*n - 6360. What is the hundreds digit of z(35)?
5
Suppose -811 = -14*v + 113. Let o be (-1)/(-6) - (-517)/v. Suppose -s + o*s = 644. What is the tens digit of s?
9
Suppose -7*o - 7 = -8*o. Suppose 4*k = 0, o*x - 5*x + 2*k + 216 = 0. Let g = -55 - x. What is the tens digit of g?
5
Let a(b) = b**3 + 65*b**2 + 115*b - 216. What is the hundreds digit of a(-61)?
6
Suppose -5*s + 653 = -657. Suppose 4*d + 10 = -2*a, 6*a = 5*a - 3*d - 10. Suppose -5*r - 5*q = -0*r - 690, 0 = -2*r + a*q + s. What is the tens digit of r?
3
Let a(w) = w - 13. Let v be a(15). Suppose -3*i = h + 10, v*i = 6*i - 2*h. What is the units digit of ((-27)/6 + 1)*i?
7
Let v(i) = -7*i - 220. Let d = -544 - -500. What is the units digit of v(d)?
8
Let f(n) = n**3 - 13*n**2 - 30*n + 5. Let g be f(15). Suppose 1706 - 8501 = -5*y - g*s, 4*y + 3*s = 5439. What is the hundreds digit of y?
3
Let g(x) = 298*x**2 - 10*x - 16. Let w be g(-2). Suppose s + w = 6*s + 2*o, 4*o = 4*s - 968. What is the units digit of s?
0
Let j(y) = 8*y**3 + y**2 + 13*y - 29. Let g be j(5). What is the units digit of (0 - -1)*(g + 15)?
6
Let m be -